k(r) = r**3 - 10*r**2 + 7*r + 8. Suppose -3*b - 51 = -5*t, t - 2*b = -4*t + 49. Calculate k(t).
-10
Suppose 0 = -5*a + m + 3, -3*m + 2*m = 2*a + 3. Let p(n) = -n**3 + 1 + a*n**3 + 29*n**2 - 6*n - 19*n**2 - 17*n**2. Let v be (-9)/2*(-8)/(-6). Give p(v).
1
Let f = 215 + -206. Let v(p) = -p**2 + 7*p - 10. Calculate v(f).
-28
Let i(o) be the third derivative of -o**4/24 + o**3/3 - 2*o**2. Suppose -6 = -5*l + 10*a - 6*a, -12 = 3*a. Determine i(l).
4
Let t(k) be the first derivative of -k**2 - 10*k - 98. What is t(-11)?
12
Let o(l) = 3*l - 32. Let t = -1133 - -1143. Give o(t).
-2
Let n(y) = y**3 + 6*y**2 + 4*y - 6. Let a = 72 + -35. Let r(t) = -31*t - 34. Let g be r(-2). Suppose -3*q = -5*h - a, 3*h + h = 2*q - g. Calculate n(h).
-1
Let q(m) = -11*m - 13 - 5 + 4 + 21772*m**2 - 21773*m**2. Give q(-9).
4
Let t(o) = 0*o - 18*o + 12*o**2 - 10*o**2 + 12. Give t(8).
-4
Suppose -31 + 141 = 11*z. Let a(d) = d**2 - 12*d - 1. What is a(z)?
-21
Suppose -2*u - 5*p + 4 = 0, 12*p = 2*u + 16*p - 4. Let q(c) = -c + 1. Calculate q(u).
-1
Suppose -5*a + 8 = d - 33, d - 3*a - 65 = 0. Let x(i) = -i + 2*i**3 - 54*i**2 + 111*i**2 - d*i**2. Give x(1).
2
Let s(w) = 5*w - 3. Suppose 0 = 3*b - 2 - 10. Let n(f) = 11*f - 7. Let x(h) = b*n(h) - 9*s(h). Suppose 19 + 51 = 14*m. Determine x(m).
-6
Let w = 3 + -12. Let a be (6/9)/(1/w). Let g(h) = 4*h + 9. Let n(r) = -r. Let i(o) = -g(o) - 2*n(o). Give i(a).
3
Let b(z) = z**2 + 3*z - 3. Let h(r) = r**3 + 3*r**2 + 6*r - 4. Let n(l) = l**3 + 2*l**2 + 6*l - 4. Let u(f) = -4*h(f) + 3*n(f). Let d be u(-4). Determine b(d).
1
Let r = 205 - 97. Let t be 3/8 + 351/216. Let b(m) = -m**2 - r*m**3 - t - 4*m - m**2 + 107*m**3. Calculate b(-2).
6
Let l = -18 + 21. Let k(r) = -3 + l*r + 6 - 2. Determine k(1).
4
Let i(c) = c + 12. Let g be i(-7). Suppose -15 = -g*l - 20. Let w(n) = -11*n**3 - n - 1. Determine w(l).
11
Let t(w) = w**2 - 13*w - 11. Let b be (-2)/(-10) - (-78)/10 - -6. Determine t(b).
3
Let j(f) = -f**3 + 12*f**2 + 13*f + 3. Let v be -26*4*(-10)/80. Calculate j(v).
3
Let u(f) = -f**3 + 19*f**2 - 20*f + 17. Let n(w) = w**3 + 16*w**2 - 3*w - 30. Let h be n(-16). Determine u(h).
-19
Let m be ((-1)/2)/(45/450). Let n(q) = 3*q + 11. Let v(b) = -2*b - 7. Let g(i) = -5*n(i) - 7*v(i). Calculate g(m).
-1
Let u(w) = 2*w - 7. Let m(i) = i**3 + 26*i**2 - 24*i + 81. Let x be m(-27). Determine u(x).
-7
Suppose -109 + 101 = -2*l. Suppose -l*s + 6 = -10*s. Let o(i) be the third derivative of -i**4/12 + i**3/6 - i**2. Determine o(s).
3
Let x(a) = a**2 - 4*a - 4. Let w be (1/2)/(6/216). Let j = 22 - w. Calculate x(j).
-4
Let k(j) = j**3 - 6*j**2 - 2*j + 4. Let n be (-1)/2*(-1 + -15) - -3. Let f be 207/12 + (-1)/4. Let y = f - n. Determine k(y).
-8
Let n(u) = u**2 + 3*u - 6. Suppose -8*i + 126 - 150 = 0. What is n(i)?
-6
Let l(b) = -b**2 - b. Let d(s) = 5*s**2 + 4*s. Let p(t) = -9*t**2 + 2*t - 2. Let c be p(1). Let n(w) = c*l(w) - 2*d(w). What is n(-4)?
-20
Let m(a) = 2*a + 9. Let f(d) = 5*d + 27. Let x = 21 - 19. Let t(y) = x*f(y) - 7*m(y). Determine t(-6).
15
Let o(s) = -s**2 + s. Let a(n) = 5*n**2 - 10*n + 11. Let z(d) = -a(d) - 6*o(d). Let u be z(-6). Let r(v) = 4*v**2 + v. Determine r(u).
5
Let z(p) = 3*p**2 - 2*p - 1. Let w(r) = -8*r**2 - 14. Let m(i) = w(i) + 3*z(i). Calculate m(12).
55
Let x(o) be the first derivative of o**3/3 - 5*o**2/2 - 2*o - 169. Calculate x(6).
4
Let v(s) = -2*s**2 + s**3 + 3 + 1157*s + 4*s**2 - 1157*s. Calculate v(-3).
-6
Let g(a) be the first derivative of a**4/4 + 13*a**3/3 - a**2/2 - 12*a - 380. Determine g(-13).
1
Let b(h) = -h - 7. Let w be 2/(-24)*-3 + 259/(-28). Calculate b(w).
2
Let o(n) = 6*n + 7*n**2 + 19*n**3 - 44*n**3 + 26*n**3 + 2. Give o(-4).
26
Let j(d) = -d**2 - 6*d - 1. Let s be j(-5). Let t(k) = k + 2*k + 3 + s*k**2 - 5*k**2. Let c(i) = -i + 9. Let g be c(6). Give t(g).
3
Let z(m) = -2*m**2. Let o be z(1). Let a(k) = -16*k + 9*k + 6*k + 6*k - 2. Calculate a(o).
-12
Let i(b) = 252*b**3 - 257*b**3 + 8 + 4*b - 6*b**2 + 2*b. Let a(h) = -6*h**3 - 7*h**2 + 7*h + 9. Let d(r) = -4*a(r) + 5*i(r). Calculate d(-3).
7
Suppose 0 = -17*q + 12*q + 25. Suppose 2 = q*d + 2*s, -3*s = -5*d + 29 - 7. Let r(h) = -h**2 + 3*h + 1. Give r(d).
3
Let x(a) = 177*a**2 - a + 2*a - 88*a**2 - 86*a**2. Determine x(-1).
2
Let i(v) = v**3 - 4*v**2 - v + 2. Suppose 5 - 11 = 3*m. Let z be 2 + 4 + m - 1. Give i(z).
-10
Let d(o) = 2*o**2 + 7*o - 1. Let c = 1517 - 1523. Calculate d(c).
29
Let n(j) = 290*j - 2323. Let f be n(8). Let o(h) be the first derivative of -h**2/2 - 7*h - 1. Determine o(f).
-4
Let o(r) = -3 + 8 + 5 + r**2 - 7 - 5. Give o(2).
2
Let v(j) = -j + 14. Let r(l) = l + 27. Let o be r(-13). Let i = 14 - o. What is v(i)?
14
Let p(h) = h - 7. Let a = 16 + -10. Let b be (-1 + 1)/((-11)/(55/(-10))). Suppose -t + a = -b*t. Calculate p(t).
-1
Let v(f) be the third derivative of -f**4/24 + f**2. Suppose -2*j - 12 = 2*j, -b = 2*j + 6. Let o = b - -2. Give v(o).
-2
Let s(f) = f**3 + 7*f**2 - f. Let i be (52/(-39))/(1/3) - 3. Determine s(i).
7
Let n(v) = 52*v**2 - 25*v + 14. Let t(s) = -15*s**2 + 8*s - 4. Let i(j) = 2*n(j) + 7*t(j). Let c = 20 + -14. Determine i(c).
0
Suppose 0 = 4*d - 8, -16*d = -4*z - 13*d + 26. Let k(a) be the second derivative of a**3/6 - 7*a**2 + 2*a. Calculate k(z).
-6
Suppose 0 = -13*y - 18 + 31. Let d(z) = -z**3 + z - 2. Calculate d(y).
-2
Let i(p) = -p**3 - p**2 + 2. Let n(k) = -10*k**3 - 2*k**2 - 4*k + 13. Let t(m) = 5*i(m) - n(m). Calculate t(2).
33
Let r(d) = d. Let j be (-1)/(-4) + (-230)/(-40). Calculate r(j).
6
Let v(r) = 2*r**2 - 7*r - 2. Suppose 2*l = 2*s - 0 + 2, -4*l - s + 4 = 0. Let i(j) = 6*j**3 - j**2. Let n be i(l). Calculate v(n).
13
Let k(g) = g + 1. Suppose 0 = -3*m - 0 + 9. Let v(d) = 0*d - m*d - 4 - d + 3*d. Let y(j) = 2*k(j) + v(j). Calculate y(-2).
-4
Let o(r) be the first derivative of -r**6/360 - r**5/24 + 20*r**3/3 - 32. Let c(q) be the third derivative of o(q). Calculate c(-4).
4
Let x(s) = -s + 16. Let w be x(9). Let o(k) = w*k + 6*k - 2 - k - 14*k. Give o(4).
-10
Suppose 35 = -0*i + 5*i. Let z be 36/63*i/2. Let j(m) = z*m**2 - m**2 + 6*m + 0*m**2. Determine j(-5).
-5
Suppose 56 - 68 = -6*f. Let l(d) = -d - 1. What is l(f)?
-3
Suppose 0 = -4*y - 4. Let t(m) = -18*m**2 + m + 1. Give t(y).
-18
Let u(r) = r**2 + 5*r + 3. Let z be u(-5). Let a = z - -2. Let q(y) = -y**3 + 21 - 23 - 3*y + 2*y**2 + 4*y**2. What is q(a)?
8
Suppose 0*d - f - 14 = 4*d, -3*d + 1 = -5*f. Let l(c) = -3*c - 7. Calculate l(d).
2
Let a(v) = -4 - 30*v + 9*v + 3*v + 10*v + 9*v. What is a(-7)?
-11
Let a(v) be the second derivative of v**3/6 + 6*v**2 - v. Suppose k + k - 5*s = 6, 0 = -2*k + 2*s + 6. Suppose -k*o - 2*o + 20 = -j, -5*j + o = 4. What is a(j)?
12
Let z(x) = 9*x + 8. Let n be z(2). Let p(f) = -f**3 + 26*f**2 - f + 28. Let s be p(n). Let a(r) be the second derivative of 3*r**5/20 - r**4/6 - r. Give a(s).
16
Suppose -383 = -16*d - 351. Let q(i) = -2*i**2 - i + 2. What is q(d)?
-8
Let n = -16 + 14. Let i be (-6)/n + (-4)/(-2). Let j(y) = -11*y + 14. Let a(c) = -4*c + 5. Let u(t) = -17*a(t) + 6*j(t). Determine u(i).
9
Let l(m) be the second derivative of m**5/60 + m**4/24 - m**3/3 - 9*m**2/2 + 11*m. Let k(h) be the first derivative of l(h). Give k(-4).
10
Let p(b) = -b**3 - 4*b**2. Suppose -33 = 2*x + 5. Let a be -2 + 5 + x/1. Let f = -20 - a. What is p(f)?
0
Let k(j) = 16*j + 2. Let i(d) = -22*d - 1. Let u(q) = -3*i(q) - 4*k(q). Calculate u(8).
11
Let p(y) = -5*y**2 + 7*y + 6*y**2 + 0*y - 1. Let j be -5 - 2/(-6)*0. What is p(j)?
-11
Let u(q) = -q**3 - 2*q - 3. Let l be (-4 - -8 - 0)*(-6)/(-8). Suppose 24 - 30 = l*t. Give u(t).
9
Let o(j) = -j**3 + 3*j**2 - 2*j + 3. Suppose -5*x + 3*z - 42 = 0, 0*x + 10 = -x + z. Let i be (-12)/27*27/x. Let f be (1*-1)/((-1)/i). Determine o(f).
3
Let d(z) = z**2 - 2*z + 2. Let m(r) = -r**3 - 23*r**2 + 51*r + 29. Let n be m(-25). Give d(n).
10
Let q(v) = v**2 - 9*v + 5. Let l be q(8). Let b(d) = 8*d + 3. Determine b(l).
-21
Suppose z + 13 = t, t + 5*z = z + 13. Suppose -r - t = 4*g, 9*g + 23 = r + 4*g. Let o(b) = -b**2 + 2*b + 4. Give o(r).
1
Let y(t) be the third derivative of 0*t + 1/6*t**3 + 1/8*t**4 + 6*t**2 + 0. Let b be y(-1). Let c(f) = 3*f**2 + 3*f + 3. Give c(b).
9
Let u(z) be the second derivative of -z**4/12 + 4*z**3/3 - 9*z**2/2 - 14*z. Let x = 29 + -22. What is u